Let b(k) = 2*k**2. Determine b(w).
8
Let n(b) = 154*b. Let k(o) be the third derivative of -11*o**4/24 + 5*o**2. Let t = 72 + -127. Let q(z) = t*k(z) - 4*n(z). Calculate q(1).
-11
Let k(q) be the third derivative of q**4/24 + 2*q**3/3 - 23*q**2. Give k(-6).
-2
Suppose -t + 9 = 5. Suppose -1 = -5*h + 24. Let b(n) = -4*n**2 + 7*n + n**3 - h*n + 0*n**2 + t. Determine b(3).
1
Let t be -3*(2 - 2/3). Let c(m) = -5*m**3 - 8*m**2 - 3*m + 21. Let f(o) = 3*o**3 - 6 - 2*o + 3*o + 4*o**2 - 5. Let g(x) = t*c(x) - 7*f(x). Determine g(5).
-7
Let y(t) = t + 4. Let s be y(-3). Let c be (-3)/(-3)*(s - 4). Let z(k) = k**3 + 4*k**2 - 2. Calculate z(c).
7
Let g(b) = 5*b + 7*b - 2 - 13*b. Determine g(5).
-7
Let r be (-2)/3*6/(-4). Let j(f) = -5*f. Let u be j(r). Let x be 6/4 - u/(-10). Let g(o) = 10*o**3 + 2*o**2 - 2*o + 1. What is g(x)?
11
Suppose 37 - 2 = 5*z. Let n(g) = 1 - 6*g**3 + 3*g**2 - 5*g**2 - 3*g + z*g**3. Determine n(3).
1
Let p(u) be the third derivative of u**6/120 - 7*u**5/60 + 5*u**4/24 - u**3/2 + 5*u**2. Calculate p(6).
-9
Let s(r) = -r - 2. Let a(p) = p**2 - 12*p + 15. Let t be a(11). Give s(t).
-6
Let q(a) = a + 3. Let v(h) = h + 5. Let n be v(-8). Let d be 2*(7 + -3 + n). Suppose 5*s + d*u = -28, u = -2*s - s - 17. Give q(s).
-3
Let w(a) be the third derivative of a**6/120 - a**4/24 - a**3/6 - a**2. Let v be w(2). Let s(p) = 5*p + p - v*p. Determine s(-2).
-2
Suppose -3*i = -5*b, -5*b = -2*i - 2 - 3. Let w = -3 + 5. Let h(c) = c**3 + 0*c + 4*c**2 + 2 - 2*c**3 - w*c. Calculate h(b).
5
Let x(a) = a**2 - 4*a + 4. Let g be x(3). Let n(w) = -10*w + 1 + 6*w + 3*w. Calculate n(g).
0
Let f(z) = 5*z**2 - 1 + 0*z**2 - 3*z + z. Let a be ((-14)/56)/((-2)/(-8)). What is f(a)?
6
Let o(x) = -2*x - 1. Let v(q) = 2*q + 1. Let k(d) = 6*o(d) + 5*v(d). What is k(1)?
-3
Let i(s) = -s**2 - 6*s + 3. Let b be (-6)/21 + 235/(-35). Calculate i(b).
-4
Let p(b) = -b. Let m(d) = -d + 2. Suppose 3*y = -y. Let s be m(y). Calculate p(s).
-2
Let u(s) = s**3 + 7*s**2 - 8*s + 2. Suppose -3*t + 8 = -4*t. Calculate u(t).
2
Let t(u) = 6*u - u**2 + 0*u**2 + 2*u**2 + 4 - 6. Suppose 0 = 2*v - 4*g - 18, -2 = 2*g - 6. Suppose -4*h - 33 + v = 0. Determine t(h).
-7
Let u(y) be the second derivative of -y**4/3 + 2*y**3/3 + 2*y**2 - y. Let i(r) = -5*r**2 + 4*r + 3. Let p(j) = 3*i(j) - 4*u(j). Give p(6).
5
Let r(g) = g - 7 + 13 - 6 + 2*g**2 + 3*g**3. Determine r(-1).
-2
Let q(v) = -4*v**3 - 3 - 2 + 4*v**2 + 7*v + 3*v**3. Let i(t) = -t**3 - 6*t**2 - 5*t + 5. Let o be i(-5). Calculate q(o).
5
Let c(a) be the second derivative of -a**3/3 + 13*a + 2. Give c(-3).
6
Let x(i) = -i**2 - 5*i - 2. Suppose 0 = 3*n - 0*n - 12. Suppose -3*y + 8 = -3*c - 10, 2*c = n*y - 16. Determine x(c).
2
Let d be 9/2*(-10)/(-15). Let n(q) = 0*q**3 + 2*q**3 - 4*q - q**d + 2 - 5*q**2 + 2*q. Calculate n(5).
-8
Let m(a) be the second derivative of -a**3/2 + a**2 - a. Let l(p) = p**2 + 7*p + 3. Let f be l(-9). Let o = f + -18. Determine m(o).
-7
Suppose 7 = -5*w + 22. Suppose -f - 19 = 5*x, -w*x - 4*f - 14 = -6*f. Let j be (4/(-2))/(x/6). Let b(k) = k - 4. Calculate b(j).
-1
Let q(a) = a**3 + 6*a**2 + 5*a - 5. Let j be ((-3)/3)/(-1 + 0). Let g be (-5)/(-2*j/(-2)). Give q(g).
-5
Let j(s) = 12*s - s**2 - s + 5 - 20*s. What is j(-9)?
5
Let q = 12 - 8. Let g be (-23 - -7)*1/(-2). Let t(o) = 0*o - q + 2*o + g. Calculate t(-5).
-6
Suppose 6 + 2 = 2*l. Suppose 9*x + 10 = l*x. Let y(k) be the second derivative of k**4/6 + k**3/6 - k**2 - k. What is y(x)?
4
Let a(b) = -9*b**3 - 3*b - 2. Let z(f) = 5*f**3 + 2*f + 1. Let d(c) = 4*a(c) + 7*z(c). Determine d(1).
0
Let t(o) = o**3 - 5*o**2. Suppose -4*u = 3*g - u - 6, -3*u = 2*g - 2. Let c be 0/g - (-3 - -1). Let n be 6 + -3 + c/1. Give t(n).
0
Let s(a) = 7*a**3 - 2*a**2 + 7*a - 1. Let g(q) = 6*q**3 - 3*q**2 + 7*q - 1. Let k(y) = -6*g(y) + 5*s(y). Give k(7).
1
Let u be -3 + 3*(-15)/(-9). Let z(y) be the third derivative of 0*y + 1/12*y**4 + 2*y**u + 0 - 1/6*y**3. Calculate z(4).
7
Let f(n) = 1. Let q(u) = u + 5. Let y(a) = -20*f(a) + 4*q(a). Let i(o) = -o**2 + o. Let g be i(-1). Give y(g).
-8
Let y = 2 + -6. Let f(h) = -14*h**3 + 12*h**2 - 11*h - 4. Let l(t) = -3*t**2 + 5*t**3 + 4*t + 0*t**2 + 1 - t**2. Let u(i) = y*f(i) - 11*l(i). Give u(4).
5
Let j(b) = 0 - 8 + 1 - 5*b + 8. Calculate j(2).
-9
Let d(f) = f + 2. Let x(p) = -p**3 + 9*p**2 - 8*p + 4. Let i be x(8). Determine d(i).
6
Let v(a) = -3*a + 11. Let u(b) = -4*b + 12. Let n(x) = 4*u(x) - 5*v(x). Let z be n(-11). Let d(s) = s**2 - 3*s - 1. Calculate d(z).
3
Let r(s) be the first derivative of -s**3/3 - s**2 + 2*s - 4. Determine r(-4).
-6
Let u(l) = -5*l**2 + 2*l - 8. Let d(h) = h**2 + 1. Let n(c) = -6*d(c) - u(c). Determine n(2).
-6
Suppose -5*i = -4*z + 10, -2*i = -2*z + z + 4. Let q(h) = h + z*h + 2 + 0*h + h. Determine q(3).
8
Suppose -q + 8 = 3. Let b = q + -1. Let a(t) be the second derivative of t**5/20 - 5*t**4/12 + 5*t**3/6 + t**2/2 - 7*t. Calculate a(b).
5
Let m(o) = -o**3 - 5*o**2 + 2*o + 5. Let z = -11 + -1. Let s = z + 7. Determine m(s).
-5
Suppose -3*v - 4 = 20. Let p = v + 13. Suppose -3*l = -8*l + p. Let c(f) = -2*f**2 - f. Calculate c(l).
-3
Let j(d) = d**2 + 5*d + 4*d**2 - 2*d**3 + 7 + d**3. Let q be j(6). Let z(v) = 1 - v - 4 + q - 5. Determine z(-6).
-1
Let x(f) = -f + 1. Let a be x(2). Let h be 3*(a - 4/(-3)). Let q(l) = 11*l - 1. Calculate q(h).
10
Suppose z - q = 4, 3*z - 2*q - 7 - 4 = 0. Let d(a) = -3*a**2 + 3 + 9*a + 5*a**3 - 10*a - 4*a**z. Calculate d(3).
0
Let n(b) be the first derivative of -b**2/2 + 2*b - 5. Determine n(-4).
6
Suppose -5*y + y = -3*n - 17, -5*y + 1 = 3*n. Let r(u) be the third derivative of 1/15*u**5 + 0*u + 0 + 0*u**3 - y*u**2 + 0*u**4. Calculate r(1).
4
Let x(u) be the third derivative of -u**7/840 - u**6/180 - u**5/60 - u**4/24 + u**3/3 + 3*u**2. Let a(t) be the first derivative of x(t). What is a(-2)?
3
Let n(b) = b**2 - 2*b - 1. Let l be n(2). Let k be 3 + 2/(-2) - l. Let m(i) = -i**3 + 5*i**2 - 4*i + 2. Calculate m(k).
8
Let t(g) = -g - 9. Let q be t(-11). Let o(b) = b**3 - b**2 - b - 2. What is o(q)?
0
Let w = 1 + -1. Let z(o) = 5*o**2 + w - 1 - 2*o - o**3 + 0. Let r = 13 + -9. Determine z(r).
7
Let z(i) be the first derivative of -1/6*i**3 - 3/2*i**2 + 2 - i. Let l(o) be the first derivative of z(o). What is l(-5)?
2
Let j = -4 + 8. Let s(r) = -2 - 8*r**2 + 4*r - 5 + 7*r**2 + j*r. Determine s(6).
5
Let s(o) be the second derivative of -o**3/6 + 4*o. Determine s(5).
-5
Let v(q) = -q**2 + q - 1. Let k(t) = 3*t**2 - 2*t + 3. Let n(j) = 3*k(j) + 8*v(j). What is n(-4)?
9
Let d(h) = -h**2 - 5*h + 5. Suppose -23 = -5*w - 8. Suppose w*r + 25 = -2*r. Give d(r).
5
Let p(l) be the first derivative of l**4/4 + 2*l**3 + 5*l**2/2 - 2*l + 10. Determine p(-5).
-2
Let l(t) = -t**2 + 4*t + 4. Let h = -13 - -15. Suppose h*f - 16 = -6. Calculate l(f).
-1
Suppose 0 = -j + 2. Let i(g) = -j*g + 4 - 5 + 4*g - 4*g. Calculate i(-3).
5
Let q(m) be the first derivative of -m**3/3 - m**2/2 - m - 11. Determine q(-1).
-1
Let g be -1 + (-7 - (-4 + 0)). Let x(d) = d**2 + 7*d - 5. Calculate x(g).
-17
Let s(k) = -k**3 + 7*k**2 + 2. Let j be s(7). Let w(u) = -8*u + u + u**j - u + 6. Calculate w(5).
-9
Let h(z) = 6*z**3 - 12*z**2 + 13*z - 2. Let y(a) = -5*a**3 + 11*a**2 - 12*a + 2. Let c(n) = 6*h(n) + 7*y(n). Give c(-6).
2
Let x(y) = -y + 4. Let c(v) = -2*v + 8. Let q(l) = 4*c(l) - 7*x(l). Give q(5).
-1
Suppose -x = x + 6. Let a be 4/6*x + 2. Let s(c) = c**2 - c + 3. Give s(a).
3
Let i(y) be the second derivative of -y**5/2 - y**3/6 - y**2/2 - 16*y. Calculate i(-1).
10
Suppose 5*p + 2*m = m - 21, -3*m = -5*p - 17. Let a = 7 + p. Let j(f) = f - 7 - 3 + 3*f - a*f. What is j(5)?
-5
Let n be ((-12)/(-15))/(2/5). Suppose -n + 3 = -x. Let d(c) = 3 - 2 + 2*c**2 + 0*c + 2*c. Determine d(x).
1
Let i(m) = -m**3 + 8*m**2 - 7*m + 7. Let s be (0 - -7)*(6 - 5). Give i(s).
7
Let o be (-2 - -3)*4/(-4) + 1. Suppose -6 = -3*t + 2*t. Let u(g) = t*g - 4 - 4*g - g**2 + o*g**2 + 3. Calculate u(2).
-1
Let g(t) = t**2 - 8*t - 6. Let x(f) be the first derivative of 5*f**3/3 - 33*f**2/2 - 25*f + 2. Let m(s) = -9*g(s) + 2*x(s). What is m(-3)?
-5
Let y be 0 - ((-4 - 0/3) + 3). Let k(g) = -18*g**3 + 2*g**2 - g. Determine k(y).
-17
Suppose 4*s = -3*b + 1 + 5, -6 = -3*s - 3*b. Let y(z) be the third derivative of -2/3*z**3 + s + 0*z - 1/24*z**